- 318*u = 16. Suppose 3*k - u*k + 5*g = 41, p = -4*k + 2*g + 98. List the prime factors of k.
2, 13
Suppose -3*p + 1737 = 2*w, -3*p = 2*p - 5*w - 2895. List the prime factors of p.
3, 193
Let u(w) = 4*w**2 - 7*w + 6. Let p be (4/(-2))/((4/(-2))/4). What are the prime factors of u(p)?
2, 3, 7
List the prime factors of 13094/22 - 3/((-132)/(-8)).
5, 7, 17
Let t = 567 - 173. What are the prime factors of t?
2, 197
Let s be ((-45)/(-6))/5 + 1/2. Suppose 2*x = -s*f + 150, 4*f - 5*x = 7*f - 235. List the prime factors of f.
2, 5, 7
Let a = 0 - -9. Suppose -a*t + 20 = -5*t. Suppose -5*s = 5*o - 10, 5*s - 13 - t = -3*o. What are the prime factors of s?
2, 3
Let n(s) = -s**3 + 5*s**2 + 2*s - 8. Let m be n(5). Suppose -m*p = -p. Suppose 2*g = -5*u + 8, p*u - 3*u - 51 = -5*g. List the prime factors of g.
3
Suppose 0 = 7*t + 8829 - 23592. List the prime factors of t.
3, 19, 37
Suppose 0 = v - 3*w - 104, -4*v + w + 195 + 221 = 0. List the prime factors of v.
2, 13
Let b be 1 + -2 + 1*85. Let t be ((-8)/((-8)/35))/(-1). Let a = b + t. List the prime factors of a.
7
Let x(n) = n**2 - 4*n + 42. Let q be x(6). Let z = 77 - q. List the prime factors of z.
23
Suppose 6*q = 1679 + 3085. What are the prime factors of q?
2, 397
Suppose -5*b + 17 = -2*x, 5*b + 0*b = -4*x + 11. Suppose -2*g - 159 = -3*i, -b*g = 5*i - 170 - 76. List the prime factors of i.
3, 17
Let t(r) = -r - 3. Let h be t(-7). Suppose 5*b - 2*b - m = 4, h*m - 8 = 0. Suppose b*n + 17 = 3*n. What are the prime factors of n?
17
Let v(i) = i - 25. Let c(z) = z + 1. Let t(s) = 2*c(s) - v(s). What are the prime factors of t(0)?
3
Let l(q) = -q**3 + 6*q**2 - 6*q + 5. Let p be l(5). Suppose p*k = -2*k + 402. What are the prime factors of k?
3, 67
Let c(f) = f**2 - 9*f - 21. Let a be c(10). Let b(o) = -16*o - 4 - 7 + 5*o**2 + o**3 + 3*o**2 + 2*o**2. List the prime factors of b(a).
2, 11
Let t(f) = f**3 - 2*f**2 + 4*f - 4. Let l be t(0). What are the prime factors of (l - 445/(-5)) + -4?
3
Let y be 25 + (-1)/((-2)/4). Let c(f) = f**3 + 8*f**2 + f - 15. Let o be c(-6). Let g = o - y. What are the prime factors of g?
2, 3
Suppose -39 = 5*y - z - 0*z, 2*y + z = -10. Let q(w) = w**3 + 6*w**2 - 9*w - 7. What are the prime factors of q(y)?
7
Suppose 3*h = -5*k + 13449, 5*k + 0*k + h - 13443 = 0. What are the prime factors of k?
2, 3, 7
Suppose -2*y = -34 - 66. Suppose d - 3*d = 2*x - 88, -2*d = -x + y. What are the prime factors of x?
2, 23
Let x(p) = -36*p + 1. Let i be x(-1). Suppose 0 = 3*j + 200 + i. Let s = 115 + j. List the prime factors of s.
2, 3
Let b be (-132)/(-77)*(-7)/(-1). Let l(j) = j**2 - 13*j + 15. Let g be l(b). Suppose 4*p - 29 = -4*o + 3, g*p + 2*o - 25 = 0. What are the prime factors of p?
3
Let z(x) = 2*x - 30. Let i be z(13). Let l = 24 + i. What are the prime factors of l?
2, 5
List the prime factors of 2/(-4)*6 + 544.
541
Suppose 3*g + 443 = j + 1709, -2112 = -5*g + j. Suppose -5*l + 2*l + g = 0. What are the prime factors of l?
3, 47
What are the prime factors of (-213 + -6)*(-5)/3?
5, 73
Suppose -155 = -3*q - 65. Let j be ((-1)/3)/((-5)/q). Suppose 10 = 4*o - j. What are the prime factors of o?
3
Suppose 8*p + 1240 + 2176 = 0. What are the prime factors of (-6)/15 - p/5?
5, 17
Let f(n) = n - 15. Let l be f(-5). List the prime factors of ((-17)/(-4))/((-5)/l).
17
Suppose -5 = a + 4*a. Let i be (a/(-3))/((-1)/87). Let d = -15 - i. List the prime factors of d.
2, 7
Let o(c) = -c**2 - 22*c - 17. Let l be o(-21). Let j(p) = 5*p**3 - 3*p**2 - 4*p - 5. What are the prime factors of j(l)?
251
Suppose 1498 = 21*j - 7*j. List the prime factors of j.
107
Let z = 1210 + -517. List the prime factors of z.
3, 7, 11
Let d = 10310 + -5348. What are the prime factors of d?
2, 3, 827
Let j be (24/(-20))/((-6)/20). Let n = j + 14. Let w = 33 - n. What are the prime factors of w?
3, 5
Let u be (-8)/(-60) - 129/(-45). Suppose -w = u*w - 260. Suppose 2*t - 85 = -o, 0 = -4*t + 5*o + 84 + w. What are the prime factors of t?
41
Let l be (2 - -21)/(-1 + 2 - 2). Suppose 4*u = 5*c - 36, 3*u + 8 = -2*c + 4. Let k = u - l. List the prime factors of k.
19
Let v(c) = 299*c - 157. List the prime factors of v(11).
2, 3, 29
Suppose -5*a = 5*v + 15, -3*a + v + 0*v = 13. Let s be (-1 - a)/3*0. Suppose s = 2*x - 6*x + 56. List the prime factors of x.
2, 7
Let k(u) = 47*u - 99. List the prime factors of k(8).
277
Let j(n) = n**2 + 2*n + 8. List the prime factors of j(10).
2
Let i be (-14)/(-4) + (-3)/2. Let x be (-3)/6*136/i. List the prime factors of 9 - 7 - x*1.
2, 3
Let n = 145 - 155. Let k = 67 + -2. What are the prime factors of k - (-5)/(25/n)?
3, 7
Let o = 21 + 1. Suppose -v + 72 = o. What are the prime factors of v?
2, 5
Suppose -22000 = 62*r - 61928. List the prime factors of r.
2, 7, 23
Let a(o) = -161*o + 10. Let t be a(-2). Let s = t - 179. List the prime factors of s.
3, 17
Let k = -781 + 1098. What are the prime factors of k?
317
Suppose -b - 3 = -2*b. Suppose 28 = -22*y + 29*y. Suppose -5*j - y*u + 65 = 0, b*j + j - 52 = 5*u. What are the prime factors of j?
13
Let v(r) = 334*r**3. Let t be v(-1). Let c = -172 - t. List the prime factors of c.
2, 3
Let n be (-5)/(-1) - (2 - 1). List the prime factors of -2*n/(-8)*121.
11
Let o(a) = -a**3 - a**2 + 7*a + 5. Let c = 25 + -28. Let d be o(c). Suppose 0 = d*g - 116 + 20. What are the prime factors of g?
2, 3
Let b(t) = -t**3 - 17*t**2 - 18*t - 7. Let i = 16 + -17. Let n be 16/(i + 1 + -1). What are the prime factors of b(n)?
5
Suppose 8*y = 101 + 11027. What are the prime factors of y?
13, 107
Let o(x) = x + 26 + 22 - 21. What are the prime factors of o(-11)?
2
Let s = -164 - -41. Let o = s + 191. What are the prime factors of o?
2, 17
List the prime factors of (-265)/(-10)*38 + (-9)/3.
2, 251
Let o = 3025 + -668. List the prime factors of o.
2357
Let u = 976 + 73. List the prime factors of u.
1049
Let a(n) = n**3 - 5*n**2 - 8*n - 4. Let r = 21 + -16. Suppose -4*x = -x - r*m - 46, 0 = x + 2*m + 3. List the prime factors of a(x).
2, 19
Let t(f) = 0 - 6*f - 4*f**2 + 2 - f**3 - 8. What are the prime factors of t(-4)?
2, 3
Let i(l) = 4*l**3 - 4*l**2 + 5*l - 10. Let f(b) = -5*b**3 + 3*b**2 - 6*b + 10. Let d(w) = 3*f(w) + 4*i(w). What are the prime factors of d(8)?
2, 5, 7
Let w(d) = 64*d - 73. List the prime factors of w(10).
3, 7
What are the prime factors of 11487/6*(-42)/(-49)?
3, 547
Let d(q) = -q**3 - 3*q**2 - 5*q - 3. Let u be d(-1). Suppose 4*p - 124 = -j, p = -u*p + 3. List the prime factors of j.
2, 7
Let f = -665 + 1189. What are the prime factors of f?
2, 131
Suppose d = -1 + 5. Let s = 76 + -65. Suppose d*o - 13 = s. List the prime factors of o.
2, 3
Let j(x) = 1. Let k(n) = n - 9. Let t(i) = 5*j(i) + k(i). Suppose -6*g + 60 = -0*g. What are the prime factors of t(g)?
2, 3
Let y(j) = -11*j - 12 - j**2 + 2*j**3 - j**3 + 8*j**2. Let x be y(-8). Suppose -2*i + l = -4*l - 36, -x = -2*i - l. What are the prime factors of i?
2
Suppose j + 2*r = -j + 16, 5*r - 8 = 3*j. Suppose 0 = -2*v - 9*f + j*f + 86, 0 = -4*v + 5*f + 232. Let i = v + -30. What are the prime factors of i?
23
Let d = -120 + 647. What are the prime factors of d?
17, 31
Let f be (-1*57 - 3) + 2. Let x = f - -135. What are the prime factors of x?
7, 11
Suppose -5*l + 2*m + 2732 = 0, 5*l = -16*m + 12*m + 2756. What are the prime factors of l?
2, 137
Let d(v) = 2 - 9*v + 2 - 10*v + 23*v. Let n(h) = 2*h - 3. Let q be n(3). List the prime factors of d(q).
2
Suppose x - 3*d = 9, 4 = 4*d - 6*d. Suppose 48 = x*q - 4*t - 10, -2*t - 42 = -2*q. What are the prime factors of q?
2, 13
Let a(y) = -3*y - 117*y**2 + 2 + 117*y**2 + 3*y**3. What are the prime factors of a(1)?
2
Let d be 9*-1*(-3 - -3 - 1). Let m(q) = 15*q + 74. What are the prime factors of m(d)?
11, 19
Let y = 234 - 49. List the prime factors of y.
5, 37
Let i be -2*15*530/(-25). What are the prime factors of (1/(-2))/((-6)/i)?
53
Suppose 12 = w - 4*l, 2*l = 14*w - 10*w - 6. Suppose w = -3*o + 483 + 405. List the prime factors of o.
2, 37
Let r(w) = 4*w**3 + 5*w**2 - 8*w - 7. Let n(u) = -u**3 + u + 1. Let g(m) = -6*n(m) - r(m). What are the prime factors of g(4)?
3, 19
Let r be ((-228)/8 - -4)*-2. Suppose -r = -z - 2*h, -35 = -z - 0*z + 5*h. Suppose -z = 4*a + j - 166, 4*j - 143 = -5*a. What are the prime factors of a?
31
Let g(v) = -6*v**3 + 4*v